{"id":4093,"date":"2025-11-01T08:39:55","date_gmt":"2025-11-01T07:39:55","guid":{"rendered":"https:\/\/www.jakubpesek.cz\/securiton\/?page_id=4093"},"modified":"2026-03-05T09:24:38","modified_gmt":"2026-03-05T08:24:38","slug":"mcd","status":"publish","type":"page","link":"https:\/\/www.jakubpesek.cz\/securiton\/mcd\/","title":{"rendered":"MCD"},"content":{"rendered":"<p><div class=\"fusion-fullwidth fullwidth-box fusion-builder-row-1 fusion-flex-container has-pattern-background has-mask-background nonhundred-percent-fullwidth non-hundred-percent-height-scrolling\" style=\"--awb-border-radius-top-left:0px;--awb-border-radius-top-right:0px;--awb-border-radius-bottom-right:0px;--awb-border-radius-bottom-left:0px;--awb-padding-top:80px;--awb-flex-wrap:wrap;\" ><div class=\"fusion-builder-row fusion-row fusion-flex-align-items-flex-start fusion-flex-content-wrap\" style=\"max-width:1372.8px;margin-left: calc(-4% \/ 2 );margin-right: calc(-4% \/ 2 );\"><div class=\"fusion-layout-column fusion_builder_column fusion-builder-column-0 fusion_builder_column_1_1 1_1 fusion-flex-column\" style=\"--awb-bg-size:cover;--awb-width-large:100%;--awb-margin-top-large:0px;--awb-spacing-right-large:1.92%;--awb-margin-bottom-large:20px;--awb-spacing-left-large:1.92%;--awb-width-medium:100%;--awb-order-medium:0;--awb-spacing-right-medium:1.92%;--awb-spacing-left-medium:1.92%;--awb-width-small:100%;--awb-order-small:0;--awb-spacing-right-small:1.92%;--awb-spacing-left-small:1.92%;\"><div class=\"fusion-column-wrapper fusion-column-has-shadow fusion-flex-justify-content-flex-start fusion-content-layout-column\"><div class=\"fusion-title title fusion-title-1 fusion-sep-none fusion-title-text fusion-title-size-one\" style=\"--awb-text-color:var(--awb-color2);\"><h1 class=\"fusion-title-heading title-heading-left\" style=\"font-family:&quot;Inter&quot;;font-style:normal;font-weight:400;margin:0;\"><p>Detektor po\u017e\u00e1ru:<br \/>\ndokonal\u00e9 spojen\u00ed spolehlivosti a technologie<\/p><\/h1><\/div><div class=\"fusion-title title fusion-title-2 fusion-sep-none fusion-title-text fusion-title-size-four\"><h4 class=\"fusion-title-heading title-heading-left\" style=\"margin:0;\"><h2 class=\"max-w-&#091;820px&#093; sm:max-w-&#091;625px&#093; lg:max-w-&#091;824px&#093; mt-4 text-subtitle tracking-&#091;0.3px&#093;\">Combined detector MCD 573X<\/h2><\/h4><\/div><\/div><\/div><\/div><\/div><div class=\"fusion-fullwidth fullwidth-box fusion-builder-row-2 fusion-flex-container has-pattern-background has-mask-background nonhundred-percent-fullwidth non-hundred-percent-height-scrolling\" style=\"--awb-border-radius-top-left:0px;--awb-border-radius-top-right:0px;--awb-border-radius-bottom-right:0px;--awb-border-radius-bottom-left:0px;--awb-padding-bottom:3px;--awb-margin-bottom:20px;--awb-flex-wrap:wrap;\" ><div class=\"fusion-builder-row fusion-row fusion-flex-align-items-flex-start fusion-flex-content-wrap\" style=\"max-width:1372.8px;margin-left: calc(-4% \/ 2 );margin-right: calc(-4% \/ 2 );\"><div class=\"fusion-layout-column fusion_builder_column fusion-builder-column-1 fusion_builder_column_1_2 1_2 fusion-flex-column fusion-flex-align-self-center\" style=\"--awb-bg-size:cover;--awb-width-large:50%;--awb-margin-top-large:0px;--awb-spacing-right-large:3.84%;--awb-margin-bottom-large:20px;--awb-spacing-left-large:3.84%;--awb-width-medium:50%;--awb-order-medium:0;--awb-spacing-right-medium:3.84%;--awb-spacing-left-medium:3.84%;--awb-width-small:100%;--awb-order-small:0;--awb-spacing-right-small:1.92%;--awb-spacing-left-small:1.92%;\"><div class=\"fusion-column-wrapper fusion-column-has-shadow fusion-flex-justify-content-flex-start fusion-content-layout-column\"><div class=\"fusion-title title fusion-title-3 fusion-sep-none fusion-title-text fusion-title-size-one\"><h1 class=\"fusion-title-heading title-heading-left\" style=\"margin:0;\"><\/h1><\/div><div class=\"fusion-title title fusion-title-4 fusion-sep-none fusion-title-text fusion-title-size-three\" style=\"--awb-text-color:#00844a;\"><h3 class=\"fusion-title-heading title-heading-left\" style=\"margin:0;\">V\u00fdhody na\u0161ich kombinovan\u00fdch detektor\u016f po\u017e\u00e1ru:<\/h3><\/div><div class=\"fusion-text fusion-text-1\" style=\"--awb-font-size:18px;\"><ul>\n<li>Bleskov\u00e1 detekce a hl\u00e1\u0161en\u00ed za\u010d\u00ednaj\u00edc\u00edch po\u017e\u00e1r\u016f<\/li>\n<li>Optim\u00e1ln\u00ed reakce na proud\u011bn\u00ed vzduchu<\/li>\n<li>Kombinovan\u00e9 detek\u010dn\u00ed metody<\/li>\n<li>Nep\u0159etr\u017eit\u00e9 samokontroln\u00ed funkce a hodnocen\u00ed \u00farovn\u011b zne\u010di\u0161t\u011bn\u00ed<\/li>\n<li>Rozs\u00e1hl\u00e9 programovac\u00ed mo\u017enosti<\/li>\n<li>Snadn\u00e1 mont\u00e1\u017e a integrace do syst\u00e9m\u016f detekce po\u017e\u00e1ru<\/li>\n<li>Integrovan\u00e9 zkratov\u00e9 izol\u00e1tory<\/li>\n<\/ul>\n<\/div><div class=\"fusion-title title fusion-title-5 fusion-sep-none fusion-title-text fusion-title-size-one\"><h1 class=\"fusion-title-heading title-heading-left\" style=\"margin:0;\"><\/h1><\/div><\/div><\/div><div class=\"fusion-layout-column fusion_builder_column fusion-builder-column-2 fusion_builder_column_1_2 1_2 fusion-flex-column fusion-flex-align-self-center\" style=\"--awb-bg-size:cover;--awb-width-large:50%;--awb-margin-top-large:0px;--awb-spacing-right-large:3.84%;--awb-margin-bottom-large:20px;--awb-spacing-left-large:3.84%;--awb-width-medium:50%;--awb-order-medium:0;--awb-spacing-right-medium:3.84%;--awb-spacing-left-medium:3.84%;--awb-width-small:100%;--awb-order-small:0;--awb-spacing-right-small:1.92%;--awb-spacing-left-small:1.92%;\"><div class=\"fusion-column-wrapper fusion-column-has-shadow fusion-flex-justify-content-flex-start fusion-content-layout-column\"><div class=\"fusion-image-element \" style=\"text-align:center;--awb-max-width:450px;--awb-caption-title-font-family:var(--h2_typography-font-family);--awb-caption-title-font-weight:var(--h2_typography-font-weight);--awb-caption-title-font-style:var(--h2_typography-font-style);--awb-caption-title-size:var(--h2_typography-font-size);--awb-caption-title-transform:var(--h2_typography-text-transform);--awb-caption-title-line-height:var(--h2_typography-line-height);--awb-caption-title-letter-spacing:var(--h2_typography-letter-spacing);\"><span class=\" fusion-imageframe imageframe-none imageframe-1 hover-type-none\"><img decoding=\"async\" width=\"556\" height=\"538\" title=\"Headerbild-Rauchwarnmelder\" src=\"https:\/\/www.jakubpesek.cz\/securiton\/wp-content\/uploads\/2025\/11\/Headerbild-Rauchwarnmelder.jpg\" data-orig-src=\"https:\/\/www.jakubpesek.cz\/securiton\/wp-content\/uploads\/2025\/11\/Headerbild-Rauchwarnmelder.jpg\" alt class=\"lazyload img-responsive wp-image-4095\" srcset=\"data:image\/svg+xml,%3Csvg%20xmlns%3D%27http%3A%2F%2Fwww.w3.org%2F2000%2Fsvg%27%20width%3D%27556%27%20height%3D%27538%27%20viewBox%3D%270%200%20556%20538%27%3E%3Crect%20width%3D%27556%27%20height%3D%27538%27%20fill-opacity%3D%220%22%2F%3E%3C%2Fsvg%3E\" data-srcset=\"https:\/\/www.jakubpesek.cz\/securiton\/wp-content\/uploads\/2025\/11\/Headerbild-Rauchwarnmelder-200x194.jpg 200w, https:\/\/www.jakubpesek.cz\/securiton\/wp-content\/uploads\/2025\/11\/Headerbild-Rauchwarnmelder-400x387.jpg 400w, https:\/\/www.jakubpesek.cz\/securiton\/wp-content\/uploads\/2025\/11\/Headerbild-Rauchwarnmelder.jpg 556w\" data-sizes=\"auto\" data-orig-sizes=\"(max-width: 850px) 100vw, 556px\" \/><\/span><\/div><\/div><\/div><div class=\"fusion-layout-column fusion_builder_column fusion-builder-column-3 fusion_builder_column_1_1 1_1 fusion-flex-column fusion-flex-align-self-center\" style=\"--awb-bg-size:cover;--awb-width-large:100%;--awb-margin-top-large:0px;--awb-spacing-right-large:1.92%;--awb-margin-bottom-large:20px;--awb-spacing-left-large:1.92%;--awb-width-medium:100%;--awb-order-medium:0;--awb-spacing-right-medium:1.92%;--awb-spacing-left-medium:1.92%;--awb-width-small:100%;--awb-order-small:0;--awb-spacing-right-small:1.92%;--awb-spacing-left-small:1.92%;\"><div class=\"fusion-column-wrapper fusion-column-has-shadow fusion-flex-justify-content-flex-start fusion-content-layout-column\"><div class=\"fusion-title title fusion-title-6 fusion-sep-none fusion-title-text fusion-title-size-one\"><h1 class=\"fusion-title-heading title-heading-left\" style=\"margin:0;\"><\/h1><\/div><div class=\"fusion-title title fusion-title-7 fusion-sep-none fusion-title-text fusion-title-size-four\" style=\"--awb-text-color:#00844a;\"><h4 class=\"fusion-title-heading title-heading-left\" style=\"margin:0;\"><p class=\"p1\">MCD 573X (Multi Criteria Detector)<\/p><\/h4><\/div><div class=\"fusion-text fusion-text-2\" style=\"--awb-font-size:18px;\"><p><strong data-start=\"136\" data-end=\"184\">Kombinovan\u00fd detektor kou\u0159e MCD\u202f573X<\/strong>\u00a0umo\u017e\u0148uje\u00a0<strong data-start=\"194\" data-end=\"256\">v\u010dasnou detekci doutnaj\u00edc\u00edch, \u017ehnouc\u00edch i otev\u0159en\u00fdch po\u017e\u00e1r\u016f<\/strong>\u00a0s tvorbou kou\u0159e a\/nebo tepla. D\u00edky funkci\u00a0<strong data-start=\"286\" data-end=\"305\">Cubus levelling<\/strong>\u00a0se detektor automaticky p\u0159izp\u016fsobuje\u00a0<strong data-start=\"343\" data-end=\"388\">aktu\u00e1ln\u00edm teplotn\u00edm podm\u00ednk\u00e1m v m\u00edstnosti<\/strong>\u00a0a s\u00e1m reguluje svoji citlivost.<\/p>\n<\/div><div class=\"fusion-title title fusion-title-8 fusion-sep-none fusion-title-text fusion-title-size-four\" style=\"--awb-text-color:#00844a;\"><h4 class=\"fusion-title-heading title-heading-left\" style=\"margin:0;\"><p class=\"p1\">MCD 573X-S a MCD 573X-SP<\/p><\/h4><\/div><div class=\"fusion-text fusion-text-3\" style=\"--awb-font-size:18px;\"><p><strong data-start=\"120\" data-end=\"175\">Kombinovan\u00fd detektor kou\u0159e a teploty MCD\u202f573X\u2011S a -SP<\/strong>\u00a0p\u0159edstavuje nejnov\u011bj\u0161\u00ed inovaci v \u00fasp\u011b\u0161n\u00e9 \u0159ad\u011b detektor\u016f\u00a0<strong data-start=\"232\" data-end=\"246\">SecuriStar<\/strong>\u00a0od\u00a0<strong data-start=\"250\" data-end=\"263\">Securiton<\/strong>.<br \/>\nJeho p\u0159edch\u016fdci p\u0159ed\u00e1vali sign\u00e1ly o kou\u0159i a teplot\u011b do\u00a0<strong data-start=\"323\" data-end=\"344\">po\u017e\u00e1rn\u00edho syst\u00e9mu<\/strong>, kter\u00fd n\u00e1sledn\u011b spou\u0161t\u011bl konven\u010dn\u00ed sir\u00e9ny podle p\u0159edem definovan\u00fdch krit\u00e9ri\u00ed. Nov\u00e9 detektory jsou v\u0161ak nyn\u00ed vybaveny\u00a0<strong data-start=\"462\" data-end=\"499\">integrovanou akustickou v\u00fdstrahou<\/strong>, kter\u00e1 umo\u017e\u0148uje volbu ze\u00a0<strong data-start=\"525\" data-end=\"559\">\u010dty\u0159 r\u016fzn\u00fdch zvukov\u00fdch sign\u00e1l\u016f (-S pouze zvukov\u00fd sign\u00e1l, -SP mluven\u00e9 slovo)<\/strong>.<\/p>\n<\/div><div class=\"fusion-title title fusion-title-9 fusion-sep-none fusion-title-text fusion-title-size-one\"><h1 class=\"fusion-title-heading title-heading-left\" style=\"margin:0;\"><\/h1><\/div><\/div><\/div><\/div><\/div><div class=\"fusion-fullwidth fullwidth-box fusion-builder-row-3 fusion-flex-container has-pattern-background has-mask-background nonhundred-percent-fullwidth non-hundred-percent-height-scrolling\" style=\"--awb-border-radius-top-left:0px;--awb-border-radius-top-right:0px;--awb-border-radius-bottom-right:0px;--awb-border-radius-bottom-left:0px;--awb-flex-wrap:wrap;\" ><div class=\"fusion-builder-row fusion-row fusion-flex-align-items-flex-start fusion-flex-content-wrap\" style=\"max-width:1372.8px;margin-left: calc(-4% \/ 2 );margin-right: calc(-4% \/ 2 );\"><div class=\"fusion-layout-column fusion_builder_column fusion-builder-column-4 fusion_builder_column_1_3 1_3 fusion-flex-column\" style=\"--awb-bg-size:cover;--awb-width-large:33.3333333333%;--awb-margin-top-large:0px;--awb-spacing-right-large:5.76%;--awb-margin-bottom-large:20px;--awb-spacing-left-large:5.76%;--awb-width-medium:33.3333333333%;--awb-order-medium:0;--awb-spacing-right-medium:5.76%;--awb-spacing-left-medium:5.76%;--awb-width-small:100%;--awb-order-small:0;--awb-spacing-right-small:1.92%;--awb-spacing-left-small:1.92%;\"><div class=\"fusion-column-wrapper fusion-column-has-shadow fusion-flex-justify-content-flex-start fusion-content-layout-column\"><div class=\"fusion-image-element \" style=\"text-align:center;--awb-caption-title-font-family:var(--h2_typography-font-family);--awb-caption-title-font-weight:var(--h2_typography-font-weight);--awb-caption-title-font-style:var(--h2_typography-font-style);--awb-caption-title-size:var(--h2_typography-font-size);--awb-caption-title-transform:var(--h2_typography-text-transform);--awb-caption-title-line-height:var(--h2_typography-line-height);--awb-caption-title-letter-spacing:var(--h2_typography-letter-spacing);\"><span class=\" fusion-imageframe imageframe-none imageframe-2 hover-type-none\"><img decoding=\"async\" width=\"350\" height=\"300\" title=\"Teaserbild-combined-fire-detector-MCD573X\" src=\"https:\/\/www.jakubpesek.cz\/securiton\/wp-content\/uploads\/2025\/11\/Teaserbild-combined-fire-detector-MCD573X.jpg\" data-orig-src=\"https:\/\/www.jakubpesek.cz\/securiton\/wp-content\/uploads\/2025\/11\/Teaserbild-combined-fire-detector-MCD573X.jpg\" alt class=\"lazyload img-responsive wp-image-4097\" srcset=\"data:image\/svg+xml,%3Csvg%20xmlns%3D%27http%3A%2F%2Fwww.w3.org%2F2000%2Fsvg%27%20width%3D%27350%27%20height%3D%27300%27%20viewBox%3D%270%200%20350%20300%27%3E%3Crect%20width%3D%27350%27%20height%3D%27300%27%20fill-opacity%3D%220%22%2F%3E%3C%2Fsvg%3E\" data-srcset=\"https:\/\/www.jakubpesek.cz\/securiton\/wp-content\/uploads\/2025\/11\/Teaserbild-combined-fire-detector-MCD573X-200x171.jpg 200w, https:\/\/www.jakubpesek.cz\/securiton\/wp-content\/uploads\/2025\/11\/Teaserbild-combined-fire-detector-MCD573X.jpg 350w\" data-sizes=\"auto\" data-orig-sizes=\"(max-width: 850px) 100vw, 350px\" \/><\/span><\/div><div class=\"fusion-text fusion-text-4\"><p style=\"text-align: center;\"><strong>MCD573X<\/strong><\/p>\n<\/div><\/div><\/div><div class=\"fusion-layout-column fusion_builder_column fusion-builder-column-5 fusion_builder_column_1_3 1_3 fusion-flex-column\" style=\"--awb-bg-size:cover;--awb-width-large:33.3333333333%;--awb-margin-top-large:0px;--awb-spacing-right-large:5.76%;--awb-margin-bottom-large:20px;--awb-spacing-left-large:5.76%;--awb-width-medium:33.3333333333%;--awb-order-medium:0;--awb-spacing-right-medium:5.76%;--awb-spacing-left-medium:5.76%;--awb-width-small:100%;--awb-order-small:0;--awb-spacing-right-small:1.92%;--awb-spacing-left-small:1.92%;\"><div class=\"fusion-column-wrapper fusion-column-has-shadow fusion-flex-justify-content-flex-start fusion-content-layout-column\"><div class=\"fusion-image-element \" style=\"text-align:center;--awb-caption-title-font-family:var(--h6_typography-font-family);--awb-caption-title-font-weight:var(--h6_typography-font-weight);--awb-caption-title-font-style:var(--h6_typography-font-style);--awb-caption-title-size:var(--h6_typography-font-size);--awb-caption-title-transform:var(--h6_typography-text-transform);--awb-caption-title-line-height:var(--h6_typography-line-height);--awb-caption-title-letter-spacing:var(--h6_typography-letter-spacing);\"><span class=\" fusion-imageframe imageframe-none imageframe-3 hover-type-none\"><img decoding=\"async\" width=\"350\" height=\"300\" alt=\"MCD573X\" title=\"Teaserbild-combined-fire-detector-MCD573X-S\" src=\"https:\/\/www.jakubpesek.cz\/securiton\/wp-content\/uploads\/2025\/11\/Teaserbild-combined-fire-detector-MCD573X-S.jpg\" data-orig-src=\"https:\/\/www.jakubpesek.cz\/securiton\/wp-content\/uploads\/2025\/11\/Teaserbild-combined-fire-detector-MCD573X-S.jpg\" class=\"lazyload img-responsive wp-image-4096\" srcset=\"data:image\/svg+xml,%3Csvg%20xmlns%3D%27http%3A%2F%2Fwww.w3.org%2F2000%2Fsvg%27%20width%3D%27350%27%20height%3D%27300%27%20viewBox%3D%270%200%20350%20300%27%3E%3Crect%20width%3D%27350%27%20height%3D%27300%27%20fill-opacity%3D%220%22%2F%3E%3C%2Fsvg%3E\" data-srcset=\"https:\/\/www.jakubpesek.cz\/securiton\/wp-content\/uploads\/2025\/11\/Teaserbild-combined-fire-detector-MCD573X-S-200x171.jpg 200w, https:\/\/www.jakubpesek.cz\/securiton\/wp-content\/uploads\/2025\/11\/Teaserbild-combined-fire-detector-MCD573X-S.jpg 350w\" data-sizes=\"auto\" data-orig-sizes=\"(max-width: 850px) 100vw, 350px\" \/><\/span><\/div><div class=\"fusion-text fusion-text-5\"><p style=\"text-align: center;\"><strong>MCD573X-S, -SP<\/strong><\/p>\n<\/div><\/div><\/div><div class=\"fusion-layout-column fusion_builder_column fusion-builder-column-6 fusion_builder_column_1_3 1_3 fusion-flex-column\" style=\"--awb-bg-size:cover;--awb-width-large:33.3333333333%;--awb-margin-top-large:0px;--awb-spacing-right-large:5.76%;--awb-margin-bottom-large:20px;--awb-spacing-left-large:5.76%;--awb-width-medium:33.3333333333%;--awb-order-medium:0;--awb-spacing-right-medium:5.76%;--awb-spacing-left-medium:5.76%;--awb-width-small:100%;--awb-order-small:0;--awb-spacing-right-small:1.92%;--awb-spacing-left-small:1.92%;\"><div class=\"fusion-column-wrapper fusion-column-has-shadow fusion-flex-justify-content-flex-start fusion-content-layout-column\"><\/div><\/div><\/div><\/div><\/p>\n","protected":false},"excerpt":{"rendered":"","protected":false},"author":1,"featured_media":0,"parent":0,"menu_order":0,"comment_status":"closed","ping_status":"closed","template":"100-width.php","meta":{"inline_featured_image":false,"footnotes":""},"class_list":["post-4093","page","type-page","status-publish","hentry"],"_links":{"self":[{"href":"https:\/\/www.jakubpesek.cz\/securiton\/wp-json\/wp\/v2\/pages\/4093","targetHints":{"allow":["GET"]}}],"collection":[{"href":"https:\/\/www.jakubpesek.cz\/securiton\/wp-json\/wp\/v2\/pages"}],"about":[{"href":"https:\/\/www.jakubpesek.cz\/securiton\/wp-json\/wp\/v2\/types\/page"}],"author":[{"embeddable":true,"href":"https:\/\/www.jakubpesek.cz\/securiton\/wp-json\/wp\/v2\/users\/1"}],"replies":[{"embeddable":true,"href":"https:\/\/www.jakubpesek.cz\/securiton\/wp-json\/wp\/v2\/comments?post=4093"}],"version-history":[{"count":4,"href":"https:\/\/www.jakubpesek.cz\/securiton\/wp-json\/wp\/v2\/pages\/4093\/revisions"}],"predecessor-version":[{"id":4432,"href":"https:\/\/www.jakubpesek.cz\/securiton\/wp-json\/wp\/v2\/pages\/4093\/revisions\/4432"}],"wp:attachment":[{"href":"https:\/\/www.jakubpesek.cz\/securiton\/wp-json\/wp\/v2\/media?parent=4093"}],"curies":[{"name":"wp","href":"https:\/\/api.w.org\/{rel}","templated":true}]}}